{"id":840,"date":"2020-12-04T17:43:10","date_gmt":"2020-12-04T16:43:10","guid":{"rendered":"http:\/\/www.spd-henrichenburg.de\/?page_id=840"},"modified":"2021-06-21T21:01:33","modified_gmt":"2021-06-21T19:01:33","slug":"datenschutzerklaerung","status":"publish","type":"page","link":"https:\/\/www.spd-henrichenburg.de\/?page_id=840","title":{"rendered":"Datenschutzerkl\u00e4rung"},"content":{"rendered":"\n<h1 class=\"wp-block-heading\"><\/h1>\n\n\n\n<p>In dieser Datenschutzerkl\u00e4rung informieren wir Sie \u00fcber die Verarbeitung Ihrer personenbezogenen Daten. Als Betreiber dieser Website nehmen wir den Datenschutz sehr ernst.<\/p>\n\n\n\n<h2 class=\"wp-block-heading\">Hinweis zur Wortwahl<\/h2>\n\n\n\n<p>Bei der Formulierung der nachfolgenden Erkl\u00e4rung haben wir uns bem\u00fcht, geschlechterneutrale Begriffe zu verwenden. In jedem Fall betrifft diese Erkl\u00e4rung immer an Personen aller Geschlechter (m\/w\/d), auch wenn die Mit-Nennung im Einzelfall nicht erfolgt ist.<\/p>\n\n\n\n<h2 class=\"wp-block-heading\" id=\"block-40ce7a87-bdf9-46d6-8bd3-c4d3c1340e5e\">Rechtsgrundlage f\u00fcr die Verarbeitung<\/h2>\n\n\n\n<p id=\"block-43142cfb-a387-41b4-ac03-a502969a6e0b\">Die Rechtsgrundlage f\u00fcr die Verarbeitung personenbezogener Daten unter Verwendung technisch notwendiger Cookies ist Art. 6 Abs. 1 lit. f DSGVO.<br>Die Rechtsgrundlage f\u00fcr die Verarbeitung personenbezogener Daten unter Verwendung von Cookies zu anderen Zwecken ist bei Vorliegen einer diesbez\u00fcglichen Einwilligung des Nutzers Art. 6 Abs. 1 lit. a DSGVO.<\/p>\n\n\n\n<h2 class=\"wp-block-heading\">Verantwortlich<\/h2>\n\n\n\n<p>Verantwortlich im Sinne der Datenschutz-Grundverordnung, sonstiger in den Mitgliedstaaten der Europ\u00e4ischen Union geltenden Datenschutzgesetze und anderer Bestimmungen mit datenschutzrechtlichem Charakter ist der Ortsverein SPD Henrichenburg, dieser vertreten durch den Vorstand, dieser wiederum vertreten von die Co-Vorsitzenden Daniela Rotte und Marcus Pelzing, Postanschrift: SPD-Henrichenburg, Vorsitzende Daniela Rotte \/ Marcus Pelzing,  c.\/o.SPD-Stadtverband, Wilhelmstr. 10, 44575 Castrop-Rauxel, DE, <a href=\"mailto:info@spd-henrichenburg.de\">info@spd-henrichenburg.de<\/a> ..<\/p>\n\n\n\n<h2 class=\"wp-block-heading\">Hosting<\/h2>\n\n\n\n<h3 class=\"wp-block-heading\">Alfahosting<\/h3>\n\n\n\n<p>Diese Website wird bei einem externen Dienstleister gehostet (Hoster). Wir hosten unsere Website bei unserem Auftragsverarbeiter <a href=\"https:\/\/alfahosting.de\/\" target=\"_blank\" rel=\"noreferrer noopener\">Alfahosting<\/a>, Alfahosting GmbH, Ankerstra\u00dfe 3b, 06108 Halle (Saale), Deutschland.<\/p>\n\n\n\n<p>Als personenbezogene Daten im Sinne der DSGVO gelten auch Verbindungsdaten, also auch Ihre IP-Adresse, die Ihr Rechner von Ihrem Provider erh\u00e4lt, damit er die Seiten und Datenpakete, die Sie aufrufen, an Ihren Rechner adressieren kann.<\/p>\n\n\n\n<p>Der Seitenprovider, erhebt aufgrund seines bzw. unseres berechtigten Interesses (s. Art. 6 Abs. 1 lit. f. DSGVO) Daten \u00fcber Zugriffe auf die Website und speichert diese als \u201cServer-Logfiles\u201d auf dem Server der Website ab. Folgende Daten werden so protokolliert:<\/p>\n\n\n\n<ul class=\"wp-block-list\"><li>besuchte Website<\/li><li>Uhrzeit zum Zeitpunkt des Zugriffes<\/li><li>Menge der gesendeten Daten in Byte<\/li><li>Meldung, ob der Abruf (Download) einer Datei erfolgreich war<\/li><li>Quelle\/Verweis, von welchem Sie auf die Seite gelangten<\/li><li>verwendeter Browser<\/li><li>verwendetes Betriebssystem<\/li><li>verwendete IP-Adresse<\/li><li>Internet-Service-Provider des aufrufenden Rechners <\/li><li>bei Verlinkung\/Einbindung von Inhalten Dritter auf unserer Website: die Websites Dritter, die vom aufrufenden Rechner \u00fcber unsere Website aufgerufen werden<\/li><\/ul>\n\n\n\n<p>Die Server-Logfiles werden f\u00fcr bis zu 14 Tage gespeichert und anschlie\u00dfend gel\u00f6scht. Die Speicherung der Daten erfolgt aus Sicherheitsgr\u00fcnden, um z. B. Missbrauchsf\u00e4lle aufkl\u00e4ren zu k\u00f6nnen. M\u00fcssen Daten aus Beweisgr\u00fcnden aufgehoben werden, sind sie solange von der L\u00f6schung ausgenommen bis der Vorfall endg\u00fcltig gekl\u00e4rt ist.<\/p>\n\n\n\n<p>Die Rechtsgrundlage f\u00fcr die Datenverarbeitung ist dem entsprechend das berechtigte Interesse  gem\u00e4\u00df Art. 6 Abs. 1 lit. f DSGVO unseres Providers Alfahosting, der sich vertraglich verpflichtet hat, unsere Seiten auf seinem Server zu hosten.  Denn ohne ihre Verbindungsdaten kann die Seite von Ihnen nicht aufgerufen bzw. vom Server auf Ihren Rechner \u00fcbertragen werden, und ohne eine gewisse Speicherdauer k\u00f6nnen St\u00f6rungen und eventuelle Missbrauchsf\u00e4lle nicht hinreichend aufgekl\u00e4rt werden. Die Verarbeitung Ihrer IP-Adresse ist also technisch notwendig.<\/p>\n\n\n\n<p>Der einzige Weg, dieses zu verhindern, w\u00e4re es, diese Website nicht zu besuchen.<\/p>\n\n\n\n<h2 class=\"wp-block-heading\">Cookies<\/h2>\n\n\n\n<p>Diese Website verwendet im Rahmen des Contentmanagement-Systems &#8222;WordPress&#8220; Cookies zur Wiedererkennung Ihrer Session und Ihres Browsers, die entweder von unserem Server oder dem Server des Anbieters an den Browser des Nutzers \u00fcbertragen werden. Bei Cookies handelt es sich um kleine Dateien, welche auf Ihrem Endger\u00e4t gespeichert werden. Ihr Browser greift auf diese Dateien zu. Durch den Einsatz von Cookies erh\u00f6ht sich die Benutzerfreundlichkeit und Sicherheit dieser Website. So werden Sie zum Beispiel beim Aufruf der Homepage nicht immer wieder gefragt, ob Sie unserer Datenschutzerkl\u00e4rung zustimmen, wenn Sie dieses in den letzten 24 Stunden bereits getan haben.<\/p>\n\n\n\n<p>Fast alle g\u00e4ngigen Browser bieten die Einstellungsoption, Cookies <strong>nicht <\/strong>zuzulassen (unter: Einstellungen \u2013 Optionen \u2013 Datenschutz \/ Cookies).<\/p>\n\n\n\n<p>In diesem Fall kann es jedoch unter Umst\u00e4nden zu Einschr\u00e4nkungen des Nutzungserlebnisses kommen.<\/p>\n\n\n\n<h2 class=\"wp-block-heading\">E-Mails und Kontaktformular<\/h2>\n\n\n\n<p>Sollten Sie eine E-Mail \u00fcber die o.g. E-Mail-Adresse oder \u00fcber das Kontaktformular an den Vorstand senden, werden wir vor Ihrer E-Mail-Adresse und m\u00f6glicherweise auch von Ihrem Namen, falls Sie diesen nennen oder im Absender elektronisch verwenden, Kenntnis nehmen k\u00f6nnen bzw. m\u00fcssen und diese Daten benutzen, soweit es n\u00f6tig ist, um Ihnen zu antworten. Somit entstehen personenbezogene Daten. Wenn Sie unser Kontaktformular nutzen, werden folgende Daten verarbeitet: <\/p>\n\n\n\n<ul class=\"wp-block-list\"><li>alle Daten, die Sie in den Feldern des Kontaktformulars eingegeben haben, sowie die dazugeh\u00f6rige Uhrzeit.<\/li><\/ul>\n\n\n\n<p>Die Daten werden ausschlie\u00dflich f\u00fcr die Verarbeitung der Konversation verwendet. Eine Weitergabe der Daten an Dritte erfolgt nicht. Rechtsgrundlage f\u00fcr die Verarbeitung der Daten in einem Kontaktformular ist Ihre mit der Nutzung zum Ausdruck kommende Einwilligung auf der Grundlage des Art. 6 Abs. 1 lit. a DSGVO. Rechtsgrundlage f\u00fcr die Verarbeitung der Daten aus Ihrer E-Mail ist \u00a7 3 DSG NRW i.V.m.&nbsp; Art. 6 Abs. 1 lit. e DSGVO. Die Verarbeitung der vorstehend genannten personenbezogenen Daten dient allein zur Bearbeitung Ihrer Kontaktaufnahme. <\/p>\n\n\n\n<p>Die Kontaktdaten werden somit wieder gel\u00f6scht, sobald sie f\u00fcr die Erreichung des Zweckes ihrer Erhebung nicht mehr erforderlich sind.  Der Zweck ist erreicht, wenn auf Grund des Verlaufs des Kontaktes davon auszugehen ist, dass Ihr Anliegen beendet oder Ihre Frage abschlie\u00dfend gekl\u00e4rt ist. Daneben k\u00f6nnen Sie jederzeit Ihre Einwilligung ausdr\u00fccklich widerrufen. Alle im Verlauf der Kontaktaufnahme gespeicherten personenbezogenen Daten werden dann gel\u00f6scht. <\/p>\n\n\n\n<h2 class=\"wp-block-heading\">Technologien externer Anbieter<\/h2>\n\n\n\n<p>Diese Seite benutzt folgende Tools und Dienste:<\/p>\n\n\n\n<ul class=\"wp-block-list\"><li>Diese Seite verwendet das CMS \u201e<strong>WordPress<\/strong>\u201c der Firma WordPress (<a rel=\"noreferrer noopener\" href=\"http:\/\/www.wordpress.org\" target=\"_blank\">www.wordpress.org<\/a>, im Eigentum der WordPress Foundation, eine 501(c)3 non-profit organization mit der US-amerikanischen Federal tax ID 20-5498932). WordPress nutzt ausschlie\u00dflich sogenannte &#8222;Session-Cookies&#8220;, die f\u00fcr die Funktion und das Aussehen der Webseite unabdingbar sind. <\/li><li>das WordPress-Theme \u201e<strong>Generatepress<\/strong>\u201c von EDGE22 Studios LTD, British Columbia, Kanada, gestaltet das Design der Seite so, dass Men\u00fcs und Links sinnvoll nutzbar sind. Die Macher sind erreichbar unter <a rel=\"noreferrer noopener\" href=\"https:\/\/generatepress.com\" target=\"_blank\">https:\/\/generatepress.com<\/a><\/li><li>das Tool &#8222;<strong>GDPA<\/strong>&#8220; des Anbieters Hu-manity.co, Sparta, New Jersey (vormals &#8222;Cookie-Notice&#8220;) informiert Sie dar\u00fcber, dass auf dieser Seite Cookies verwendet werden und leitet Sie auf diese Website weiter. Sie erreichen Hu-manity.co unter <a href=\"https:\/\/hu-manity.co\/\">https:\/\/hu-manity.co <\/a><\/li><li>das Kontaktformular <strong>WP-Forms<\/strong>, das unter der Lizenz GNU <strong>General Public License<\/strong> (<strong>GPL<\/strong>)steht und somit quellcode-offen und damit besonders <strong>unanf\u00e4llig <\/strong>f\u00fcr unerkannte, kommerzielle, manipulierende Cookie-Technologien ist. Der Anbieter von WP-Forms ist erreichbar unter: <a href=\"https:\/\/wpforms.com\" target=\"_blank\" rel=\"noreferrer noopener\">https:\/\/wpforms.com<\/a> .<\/li><\/ul>\n\n\n\n<p>Die vorstehenden Cookies sind sogenannte &#8222;essenzielle&#8220; Cookies. Ohne sie kann die Website nicht sinnvoll genutzt werden. Denn ohne das CMS (CMS bedeutet &#8222;Inhalts-Management-System&#8220;) einschlie\u00dflich WordPress-Theme sehen Sie diese Seite nicht, und ohne ein Tool zur Anzeige dieser Seite (sog. Cookie-Warnungs- oder DSGVO-Tool) w\u00fcrden Sie nicht auf diese Datenschutzerkl\u00e4rung weiter geleitet werden. Genauso wenig gibt es ein &#8222;ansprechendes&#8220; Kontaktformular, das sich in WordPress integriert, ohne die dazugeh\u00f6rige Software.<\/p>\n\n\n\n<ul class=\"wp-block-list\"><li>\u201e<strong>Statifiy<\/strong>\u201c ist ein WordPress-Plugin der Gruppe <a href=\"https:\/\/pluginkollektiv.org\/\">https:\/\/pluginkollektiv.org<\/a>, das <strong><em>gar keine<\/em><\/strong> personenbezogenen Daten speichert. Es enth\u00e4lt also nicht etwa ein Statistik-Cookie, es enth\u00e4lt vielmehr gar keinen Cookie. Dieses v\u00f6llig anonyme und somit h\u00f6chst verbraucherfreundliche Werkzeug erm\u00f6glicht uns zu sehen, wann und welche Seiten aufgerufen wurden &#8211; aber nicht, mit welcher IP-Adresse auf die Website zugegriffen wurde. Sie bleiben also schon aufgrund der Messmethode v\u00f6llig anonym.<\/li><\/ul>\n\n\n\n<p>Rechtsgrundlage f\u00fcr die Verarbeitung<\/p>\n\n\n\n<p>Die Rechtsgrundlage f\u00fcr die Verarbeitung personenbezogener Daten unter Verwendung technisch notwendiger Cookies ist Art. 6 Abs. 1 lit. f DSGVO.<br><\/p>\n\n\n\n<h2 class=\"wp-block-heading\">Ihre Rechte<\/h2>\n\n\n\n<p>Sie haben das Recht auf Auskunft, Berichtigung, L\u00f6schung und Einschr\u00e4nkung der Verarbeitung der personenbezogenen Daten. Sie haben au\u00dferdem das Recht auf Berichtigung falscher Daten und auf die Verarbeitungseinschr\u00e4nkung oder L\u00f6schung Ihrer personenbezogenen Daten. Falls zutreffend, k\u00f6nnen Sie auch Ihr Recht auf Datenportabilit\u00e4t geltend machen.<\/p>\n\n\n\n<p>Sie haben das Recht, Daten, die wir auf Grundlage Ihrer Einwilligung oder in Erf\u00fcllung eines Vertrags automatisiert verarbeiten, an sich oder an einen Dritten in einem g\u00e4ngigen, maschinenlesbaren Format aush\u00e4ndigen zu lassen. Sofern Sie die direkte \u00dcbertragung der Daten an einen anderen Verantwortlichen verlangen, erfolgt dies nur, soweit es technisch machbar ist.<\/p>\n\n\n\n<p>Nach Art. 55 Abs.1 DS-GVO ist jede Aufsichtsbeh\u00f6rde f\u00fcr die Erf\u00fcllung der Aufgaben und die Aus\u00fcbung der Befugnisse, die ihr \u00fcbertragen wurden, im Hoheitsgebiet ihres eigenen Mitgliedstaats zust\u00e4ndig.<\/p>\n\n\n\n<p>Im Falle von Verst\u00f6\u00dfen gegen die DSGVO steht den Betroffenen ein Beschwerderecht bei einer Aufsichtsbeh\u00f6rde, insbesondere in dem jeweiligen Mitgliedstaat ihres gew\u00f6hnlichen Aufenthalts, ihres Arbeitsplatzes oder des Orts des mutma\u00dflichen Versto\u00dfes zu.<\/p>\n\n\n\n<p>Sie k\u00f6nnen die jeweilige innerhalb der EU zust\u00e4ndige Beh\u00f6rde hier ermitteln:<\/p>\n\n\n\n<p><a href=\"https:\/\/ec.europa.eu\/justice\/article-29\/structure\/data-protection-authorities\/index_en.htm\">https:\/\/ec.europa.eu\/justice\/article-29\/structure\/data-protection-authorities\/index_en.htm<\/a><\/p>\n\n\n\n<p>Innerhalb Deutschlands ist die zust\u00e4ndige Beh\u00f6rde hier zu finden:<\/p>\n\n\n\n<p><a href=\"https:\/\/www.datenschutz-wiki.de\/Aufsichtsbeh%C3%B6rden_und_Landesdatenschutzbeauftragte#Aufsichtsbeh.C3.B6rden_nicht-.C3.B6ffentlicher_und_.C3.B6ffentlicher_Bereich\">https:\/\/www.datenschutz-wiki.de\/Aufsichtsbeh%C3%B6rden_und_Landesdatenschutzbeauftragte#Aufsichtsbeh.C3.B6rden_nicht-.C3.B6ffentlicher_und_.C3.B6ffentlicher_Bereich<\/a><\/p>\n\n\n\n<p>Das Beschwerderecht besteht unbeschadet anderweitiger verwaltungsrechtlicher oder gerichtlicher Rechtsbehelfe.<\/p>\n\n\n\n<h2 class=\"wp-block-heading\">L\u00f6schung von Daten<\/h2>\n\n\n\n<p>Sofern Ihr Wunsch nicht mit einer gesetzlichen Pflicht zur Aufbewahrung von Daten (z. B. Vorratsdatenspeicherung) kollidiert, haben Sie ein Anrecht auf L\u00f6schung Ihrer Daten. Von uns gespeicherte Daten werden, sollten sie f\u00fcr ihre Zweckbestimmung nicht mehr vonn\u00f6ten sein und es keine gesetzlichen Aufbewahrungsfristen geben, gel\u00f6scht. Falls eine L\u00f6schung nicht durchgef\u00fchrt werden kann, da die Daten f\u00fcr zul\u00e4ssige gesetzliche Zwecke erforderlich sind, erfolgt eine Einschr\u00e4nkung der Datenverarbeitung. In diesem Fall werden die Daten gesperrt und nicht f\u00fcr andere Zwecke verarbeitet.<\/p>\n\n\n\n<h2 class=\"wp-block-heading\">Widerspruchsrecht<\/h2>\n\n\n\n<p>Nutzer dieser Webseite k\u00f6nnen von ihrem Widerspruchsrecht Gebrauch machen und der Verarbeitung ihrer personenbezogenen Daten zu jeder Zeit widersprechen.<\/p>\n\n\n\n<p>Wenn Sie eine Berichtigung, Sperrung, L\u00f6schung oder Auskunft \u00fcber die zu Ihrer Person gespeicherten personenbezogenen Daten w\u00fcnschen oder Fragen bzgl. der Erhebung, Verarbeitung oder Verwendung Ihrer personenbezogenen Daten haben oder erteilte Einwilligungen widerrufen m\u00f6chten, wenden Sie sich bitte an folgende E-Mail-Adresse: <a href=\"mailto:Info@spd-henrichenburg.de\">Info@spd-henrichenburg.de<\/a> .<\/p>\n","protected":false},"excerpt":{"rendered":"<p>In dieser Datenschutzerkl\u00e4rung informieren wir Sie \u00fcber die Verarbeitung Ihrer personenbezogenen Daten. Als Betreiber dieser Website nehmen wir den Datenschutz sehr ernst. Hinweis zur Wortwahl Bei der Formulierung der nachfolgenden Erkl\u00e4rung haben wir uns bem\u00fcht, geschlechterneutrale Begriffe zu verwenden. In jedem Fall betrifft diese Erkl\u00e4rung immer an Personen aller Geschlechter (m\/w\/d), auch wenn die Mit-Nennung &#8230; <a title=\"Datenschutzerkl\u00e4rung\" class=\"read-more\" href=\"https:\/\/www.spd-henrichenburg.de\/?page_id=840\" aria-label=\"Mehr Informationen \u00fcber Datenschutzerkl\u00e4rung\">Weiterlesen<\/a><\/p>\n","protected":false},"author":4,"featured_media":0,"parent":0,"menu_order":0,"comment_status":"closed","ping_status":"closed","template":"","meta":{"footnotes":""},"class_list":["post-840","page","type-page","status-publish"],"_links":{"self":[{"href":"https:\/\/www.spd-henrichenburg.de\/index.php?rest_route=\/wp\/v2\/pages\/840","targetHints":{"allow":["GET"]}}],"collection":[{"href":"https:\/\/www.spd-henrichenburg.de\/index.php?rest_route=\/wp\/v2\/pages"}],"about":[{"href":"https:\/\/www.spd-henrichenburg.de\/index.php?rest_route=\/wp\/v2\/types\/page"}],"author":[{"embeddable":true,"href":"https:\/\/www.spd-henrichenburg.de\/index.php?rest_route=\/wp\/v2\/users\/4"}],"replies":[{"embeddable":true,"href":"https:\/\/www.spd-henrichenburg.de\/index.php?rest_route=%2Fwp%2Fv2%2Fcomments&post=840"}],"version-history":[{"count":27,"href":"https:\/\/www.spd-henrichenburg.de\/index.php?rest_route=\/wp\/v2\/pages\/840\/revisions"}],"predecessor-version":[{"id":995,"href":"https:\/\/www.spd-henrichenburg.de\/index.php?rest_route=\/wp\/v2\/pages\/840\/revisions\/995"}],"wp:attachment":[{"href":"https:\/\/www.spd-henrichenburg.de\/index.php?rest_route=%2Fwp%2Fv2%2Fmedia&parent=840"}],"curies":[{"name":"wp","href":"https:\/\/api.w.org\/{rel}","templated":true}]}}