{"id":388,"date":"2017-11-17T19:57:12","date_gmt":"2017-11-17T18:57:12","guid":{"rendered":"http:\/\/www.spd-henrichenburg.de\/?page_id=388"},"modified":"2026-01-01T20:50:07","modified_gmt":"2026-01-01T19:50:07","slug":"termine","status":"publish","type":"page","link":"https:\/\/www.spd-henrichenburg.de\/","title":{"rendered":"Termine 2026"},"content":{"rendered":"\n<p><em>(Vorschau auf die Termine ab 05.12.2025. Alle Vereins-Termine sind vorl\u00e4ufig bis zur Einladungsmail des\/der Vorsitzenden)<\/em><\/p>\n\n\n\n<p><\/p>\n\n\n\n<p>16.01.26 19:00 OV-Vorstandssitzung (Neujahrstreffen)<\/p>\n\n\n\n<p>27.01.26 14:30 SPD vor Ort<\/p>\n\n\n\n<p>05.02.26 20:00 OV-Vorstandssitzung (Zoom)<\/p>\n\n\n\n<p>26.02.26 15:00 SPD vor Ort<\/p>\n\n\n\n<p>13.03.26 19:00 Mitgliederversammlung<\/p>\n\n\n\n<p>25.03.26 15:00 SPD vor Ort<\/p>\n\n\n\n<p>16.04.26 15:00 SPD vor Ort<\/p>\n\n\n\n<p>07.05.26 20:00 OV-Vorstandssitzung<\/p>\n\n\n\n<p>10.06.26 20:00 OV-Vorstandssitzung<\/p>\n\n\n\n<p>03.07.26 OV-Vorstandssitzung OPEN AIR<\/p>\n\n\n\n<p>09.07.26 14:30 SPD vor Ort<\/p>\n\n\n\n<p>17.09.26 20:00 OV-Vorstandssitzung<\/p>\n\n\n\n<p>14.11.26 11:00 OV-Seminar<\/p>\n\n\n\n<p>26.11.26 20:00 OV-Vorstandssitzung<\/p>\n\n\n\n<p>07.12.26 17:00 Nikolausaktion 2026<\/p>\n\n\n\n<p><\/p>\n\n\n\n<p><\/p>\n\n\n\n<p>Die genauen Orte werden in der E-Mail des\/der Vorsitzenden rechtzeitig vorher bekanntgegeben.<\/p>\n\n\n\n<p>Alle Termine wurden in der Sitzung am 15.11.25 beschlossen. Die Themen und Treffpunkte von &#8222;SPD vor Ort&#8220; werden in der Rundmail des Schriftf\u00fchrers vom 16.11.25 bekannt gegeben, und nat\u00fcrlich immer kurz vorher \u00fcber <strong>Social Media<\/strong><\/p>\n\n\n\n<p><\/p>\n\n\n\n<p><br><br><br><br><br><\/p>\n","protected":false},"excerpt":{"rendered":"<p>(Vorschau auf die Termine ab 05.12.2025. Alle Vereins-Termine sind vorl\u00e4ufig bis zur Einladungsmail des\/der Vorsitzenden) 16.01.26 19:00 OV-Vorstandssitzung (Neujahrstreffen) 27.01.26 14:30 SPD vor Ort 05.02.26 20:00 OV-Vorstandssitzung (Zoom) 26.02.26 15:00 SPD vor Ort 13.03.26 19:00 Mitgliederversammlung 25.03.26 15:00 SPD vor Ort 16.04.26 15:00 SPD vor Ort 07.05.26 20:00 OV-Vorstandssitzung 10.06.26 20:00 OV-Vorstandssitzung 03.07.26 OV-Vorstandssitzung OPEN &#8230; <a title=\"Termine 2026\" class=\"read-more\" href=\"https:\/\/www.spd-henrichenburg.de\/\" aria-label=\"Mehr Informationen \u00fcber Termine 2026\">Weiterlesen<\/a><\/p>\n","protected":false},"author":4,"featured_media":0,"parent":299,"menu_order":0,"comment_status":"closed","ping_status":"closed","template":"","meta":{"footnotes":""},"class_list":["post-388","page","type-page","status-publish"],"_links":{"self":[{"href":"https:\/\/www.spd-henrichenburg.de\/index.php?rest_route=\/wp\/v2\/pages\/388","targetHints":{"allow":["GET"]}}],"collection":[{"href":"https:\/\/www.spd-henrichenburg.de\/index.php?rest_route=\/wp\/v2\/pages"}],"about":[{"href":"https:\/\/www.spd-henrichenburg.de\/index.php?rest_route=\/wp\/v2\/types\/page"}],"author":[{"embeddable":true,"href":"https:\/\/www.spd-henrichenburg.de\/index.php?rest_route=\/wp\/v2\/users\/4"}],"replies":[{"embeddable":true,"href":"https:\/\/www.spd-henrichenburg.de\/index.php?rest_route=%2Fwp%2Fv2%2Fcomments&post=388"}],"version-history":[{"count":175,"href":"https:\/\/www.spd-henrichenburg.de\/index.php?rest_route=\/wp\/v2\/pages\/388\/revisions"}],"predecessor-version":[{"id":1261,"href":"https:\/\/www.spd-henrichenburg.de\/index.php?rest_route=\/wp\/v2\/pages\/388\/revisions\/1261"}],"up":[{"embeddable":true,"href":"https:\/\/www.spd-henrichenburg.de\/index.php?rest_route=\/wp\/v2\/pages\/299"}],"wp:attachment":[{"href":"https:\/\/www.spd-henrichenburg.de\/index.php?rest_route=%2Fwp%2Fv2%2Fmedia&parent=388"}],"curies":[{"name":"wp","href":"https:\/\/api.w.org\/{rel}","templated":true}]}}